u) be the third derivative of 0*u - 1/6*u**4 + 0 + 1/15*u**5 + u**2 + 1/120*u**6 + 7/6*u**3. What is the units digit of l(-5)?
2
Let v(j) be the third derivative of -j**5/60 + j**4/8 + j**3/6 + j**2. Let t be v(4). Let m = t - -6. What is the units digit of m?
3
What is the units digit of 7/(-28) - (-98)/8?
2
Let l(f) = 10*f - 10. What is the units digit of l(4)?
0
Let q = 3 + -6. Let c(a) = a**3 + 3*a**2 - 1. Let k be c(q). What is the units digit of (-6)/k*(-2)/(-3)?
4
Let w = 130 + -52. What is the tens digit of w?
7
Suppose -18 = -2*r + 10. What is the units digit of r?
4
Suppose -4*k - 6*t = -t - 18, 4*t - 10 = -k. Suppose 3*c - 7 = k. What is the units digit of (10/(-6))/((-1)/c)?
5
Let c(b) = b**2 - b + 56. What is the units digit of c(0)?
6
What is the tens digit of 61/5 + 1/(-5)?
1
Let f(p) be the third derivative of -7*p**6/120 + p**5/60 - p**3/6 + 4*p**2. Suppose -4*x - 16 = 8*k - 4*k, -5*x - 12 = -3*k. What is the units digit of f(k)?
7
Suppose -2*w - 2*w - 16 = 0. Let z(b) be the third derivative of -b**4/24 - b**3/6 + 7*b**2. What is the units digit of z(w)?
3
Let l(j) = j**3 + j**2 + 5. Let r be l(0). Suppose r*b = 74 - 9. What is the tens digit of b?
1
Let j(c) = c**2 - 2*c - 4. Suppose -5*y + 55 - 20 = 5*p, -3*p = 4*y - 25. Let a be j(y). Suppose -n = 3*x - 19, -x + 5*n - a = 11. What is the units digit of x?
5
Let n = 23 + -16. Let j be 363/(-21) + 2/n. Let o = 25 + j. What is the units digit of o?
8
Suppose -4 = -2*f + 5*a + 1, -3*a - 2 = -f. Suppose f*r = 2*l - 3 + 2, 2*r - 6 = 0. What is the units digit of l?
8
What is the tens digit of -1 + 0 + (-6 - -105)?
9
Suppose 7*c = -x + 3*c - 1, 3 = -3*x - 2*c. Let n = 13 + -5. Let l = x + n. What is the units digit of l?
7
Suppose 2*a = -2*i + 88, 5*a - 4*i + 67 = 269. What is the tens digit of a?
4
Suppose 2 = 4*j - 2*z, 0*j + 3*z - 15 = -3*j. What is the units digit of j?
2
Let p(t) = -t**2 + 11*t - 10. Let l be p(9). Suppose 4*i - l = -0. Suppose 3*o + i = 20. What is the units digit of o?
6
Suppose -w = w - 48. What is the tens digit of w?
2
Suppose -b - 3*b + 14 = z, -5*z = -4*b + 2. Let u be 14*(5/z - 2). Let g = 17 - u. What is the units digit of g?
0
Let r(x) = 7*x + 7. Let g(l) = -11*l - 10. Let w(a) = 5*g(a) + 8*r(a). What is the units digit of w(-3)?
3
Let z(d) = 17*d - 5. What is the units digit of z(5)?
0
Let i(z) be the second derivative of z**4/4 - z**3/6 - z**2 + 2*z. Let b be i(-2). Suppose -o + b = o. What is the units digit of o?
6
Let w(z) be the first derivative of z**2/2 + 2*z + 2. What is the units digit of w(2)?
4
Let a(q) = -q**3 + 5*q**2 + 4*q - 7. What is the units digit of a(5)?
3
Let m(q) = q**2 + 2*q - 5. Let g be m(-7). Let f = g - 18. What is the tens digit of f?
1
Let m = -5 + 11. Suppose -c = -3*h + 32, m + 19 = -5*c. What is the units digit of h?
9
Let r(g) = 23*g**2 + g - 3. Let w be r(3). What is the units digit of (-8)/20 + w/5?
1
Let c(f) = 14*f - 11. What is the units digit of c(6)?
3
Let z(f) = f**3 + f**2 + f + 1. Let o(r) = -8*r**3 + 3*r**2 + 4*r + 4. Let n(b) = -o(b) + 4*z(b). What is the units digit of n(1)?
3
What is the units digit of 4 - 0 - -69 - 4?
9
Let n(r) = 9*r - 9. What is the units digit of n(6)?
5
Suppose -4*x + 33 = -4*p - 79, 5*x - 140 = 4*p. What is the units digit of x?
8
Let d(y) = y**3 - 2*y**2 - 4. Let w be d(3). Suppose 6 = -w*r - 2*h, h = 4*r - 2*h + 14. Let a(o) = -o**3 - 2*o**2 - 2*o + 1. What is the units digit of a(r)?
5
Suppose 0 = 3*q + r + 4*r - 54, -r - 49 = -4*q. What is the tens digit of q?
1
Let u = 4 + -5. What is the units digit of u*10*9/(-6)?
5
Suppose -2*y + 10 = 2*y - 2*l, -4*l + 30 = 2*y. Suppose 2*k = -d - 18, -y = 2*k + 4*d + 7. Let t = k + 12. What is the units digit of t?
2
Let m = -100 + 166. Suppose 113 = y + 2*y + 5*j, -2*y - j = -m. What is the tens digit of y?
3
Let l(u) = -u**3 + u**2 + 3. Let a be l(0). Suppose -a*c - 11 = -5*c + k, -3*c - 16 = 5*k. Suppose c*g + 6 = -f + 2, g - 6 = -4*f. What is the units digit of f?
2
What is the units digit of 4/8*-38*-1?
9
Let j = 4 - 2. Suppose 3*x = 2*x + j. What is the units digit of x?
2
Let c = -151 - -213. Suppose -5*p - 5*z + 48 = -c, 94 = 3*p - 4*z. What is the tens digit of p?
2
Let c = 0 - -1. Let j(p) = p**2 + p - 8. Let b be j(-4). Let t = b - c. What is the units digit of t?
3
Let v = -98 - -151. What is the tens digit of v?
5
Let d be ((-3)/(-3) + 1)*1. Suppose 1 = 5*j - 3*k - 0, j - 8 = -d*k. Suppose -j*r - 7 = -4*c + 3*c, -3*r + 32 = c. What is the tens digit of c?
1
Let k(d) = -d**2 - 16*d - 1. What is the tens digit of k(-11)?
5
Let n(k) = -9*k - 5. Let s be n(-5). Let b = s - 29. What is the units digit of b?
1
Suppose -7*r + 2*r + 25 = 0. Suppose 0*z + 50 = r*z. Let o = 19 - z. What is the units digit of o?
9
Let t = 12 + -8. Suppose -z - 49 = -4*x, 4*x + t*z - 58 - 6 = 0. What is the units digit of x?
3
Suppose 3*b = -2*h + 341, -b - 473 = -5*b + h. What is the units digit of b?
7
Let x be (8/10)/((-4)/(-10)). Let p(g) = 0*g**3 + g**3 - 8 + 5*g**x - 3*g**2 + 5*g**2 - 3*g. What is the tens digit of p(-7)?
1
Let t(j) = j**2 - j. Let r be t(-1). Let y be (r/(-5))/((-2)/10). What is the units digit of 0 - (-4 + y - 2)?
4
Let f be 3 - 2/((-4)/(-6)). Suppose -2*a = -f*a - 6. What is the units digit of 106/6 - (-1)/a?
8
Let z = 2 + 7. What is the units digit of z?
9
Let c(p) = p**3 - 4*p**2 + 3*p - 4. Let q be c(3). What is the units digit of (0 + q)*(-65)/20?
3
Suppose -3*n + 4*n + 13 = 0. Let j = n - -18. What is the units digit of j?
5
Suppose 2*b - 15 = 1. Let f be 4/12 - b/(-3). Suppose y + 2*d - 4*d - 1 = 0, -12 = -f*d. What is the units digit of y?
9
Let h be (-5)/(5/(-3)) + 1. Suppose -4*k - h = -5*k. Suppose -k*a - 15 = -5*a. What is the units digit of a?
5
Let w be (10/15)/((-2)/(-6)). Suppose -5*p + 4 = 3*l - 9, 3*p = w*l + 23. Let n(b) = -b**2 + 4*b + 6. What is the units digit of n(p)?
1
Let y = -32 + 45. What is the tens digit of y?
1
Let x(g) = -20*g + 17. What is the tens digit of x(-4)?
9
What is the units digit of 6644/33 + 4/6?
2
What is the tens digit of -77*(0 + (-40)/(-28) - 4)?
9
Suppose 8*s + 185 = 13*s. What is the units digit of s?
7
Suppose 2*p - 4 = 5*s, 6*p - p - 43 = -4*s. What is the units digit of p?
7
Suppose -r - 5*m = 6, -5*r + 3*m = -57 + 3. Suppose 7 = -11*j + 62. Let v = r - j. What is the units digit of v?
4
Let w be (2/(-4))/((-4)/48). Let o be 2/(w/135*3). Suppose -y = -4*y + o. What is the units digit of y?
5
Let b = 159 - 72. What is the tens digit of b?
8
Suppose -i - 5 = 4*q + 3, -q - 11 = -2*i. Let a be (q/2)/(12/(-64)). Suppose -4 = -j + 3*s + 18, 4*s = -4*j + a. What is the units digit of j?
7
Let u be 1/4 + (-27)/(-4). Let x be (u + -2)*(-8)/(-20). Suppose 0 = -5*l - 25, x*l = 2*j + 4*l + 4. What is the units digit of j?
3
Let b = -1 + 3. Let h be (-5)/(40/(-6))*16. Suppose 2*r - h = -b*r. What is the units digit of r?
3
Let z(a) be the second derivative of 3*a**3/2 + 5*a**2/2 - 2*a. Let n be z(4). Suppose 0 = -5*v + 44 + n. What is the units digit of v?
7
Let n(w) = w**3 + 2*w**2 - 1. Suppose h + h + 2*z - 10 = 0, 0 = -3*h - z + 7. Let g be n(h). What is the units digit of 10/g*(-18)/(-15)?
6
Let t = 47 - -23. What is the tens digit of t?
7
Let v = 3 - 14. Let p = v - -26. What is the units digit of p?
5
Let d(a) = a**2 + 0*a**2 + 4 - 7*a - 2. Let r be d(7). Suppose -r*b + b + 3 = 0. What is the units digit of b?
3
Let r = -12 - -24. Suppose 0 = 3*v - 3 - r. What is the units digit of v?
5
Let i be 13/3 + (-2)/(-3). Let h = 2 + i. What is the units digit of h?
7
Let y = -11 - -14. Suppose -50 = -4*f + y*i - 6*i, 3*f - 3*i = 48. What is the units digit of f?
4
What is the tens digit of (-4)/42 - 1115/(-21)?
5
Let a be 7/2 + 5/(-10). What is the units digit of (-168)/(-18) + (-1)/a?
9
Suppose -6 = -k + 50. What is the tens digit of k?
5
Suppose 2*k - 70 = 188. What is the units digit of k?
9
Suppose 0 = -2*r - 2*r + 8. Let x be 2/(-9) - (-87)/27. Suppose -x*h + 2*h + r = 0. What is the units digit of h?
2
Let m = -3 - 5. Let r = -5 - m. Suppose 2*n - 26 = -3*g, 2*g = r*n + n - 4. What is the units digit of g?
6
Let d = -66 - -137. What is the tens digit of d?
7
Let h(l) = -l**3 - 7*l**2 - 6*l + 5. Let f = -17 + 11. Let v be h(f). Suppose 2 = s + 5*j, -5 = -5*s + v*j + 5. What is the 